 Suppose -z + r*d - 3*d - 8 = 0, 6 = 2*d. Determine o(z).
-11
Let v = -4365 - -4365. Let b(a) be the third derivative of 1/3*a**3 + 1/8*a**4 - 9*a**2 + 0 - 1/20*a**5 + v*a. Determine b(-2).
-16
Suppose 0 = 2*j - 5*y - 36, -2*j + y - 14 = -50. Let k(z) = 7 + j*z**2 - 36*z**2 + 17*z**2. Suppose 0 = 8*t + 12 - 12. Give k(t).
7
Let r(g) = -960*g - 1919. Let j be r(-2). Let q(d) be the second derivative of 0 + d - 1/2*d**2 - 1/6*d**3. What is q(j)?
-2
Suppose 5*d - 10 = 5, 4*z + 2*d - 14 = 0. Suppose 2*g - 14 = -0*g. Let q(x) = 2 + g*x**z - 3*x**2 - 1 - 3*x**2 - 3*x. Give q(5).
11
Let f(k) be the first derivative of k**4/4 - k**3/3 + 3*k + 1. Let z be -3*(10*35/(-42) + 8) + -1. Calculate f(z).
3
Let d(o) = -5*o**2 - 87*o - 370. Let f be d(-8). Let x(a) = 11*a - 20. Determine x(f).
46
Let p(q) = q**3 + 2*q**2 - 4*q. Let d(g) = 28*g + 80. Let j be d(-3). What is p(j)?
-16
Let r(p) = -p**3 - 8*p**2 + 6*p + 20. Suppose 5*m - 6*o = -3*o - 52, o = 4. What is r(m)?
-28
Let k = -141 + 178. Let v = -42 + k. Let h(r) = -2*r - 3. Let n(l) = 8*l + 12. Let q(i) = -18*h(i) - 4*n(i). Give q(v).
-14
Let u(f) = f**3 + 7*f**2 + 6*f + 6. Let q = -21 + 29. Suppose -q*n - 12*n = 120. What is u(n)?
6
Let f be (10*(-8)/280)/((-20)/(-4410)*9). Suppose -2*c = 4*j, 2 = -2*c + 2*j + 8. Let i(r) = -2*r - 2 - 2*r**2 - r**3 - 5*r**c - 6. Give i(f).
6
Let z(s) be the second derivative of -s**7/840 + s**5/60 + 2*s**3 - 10*s. Let x(k) be the second derivative of z(k). Let l be (-99)/(72/8) - -9. What is x(l)?
4
Let x = 15 - 13. Suppose p = -x*p - 15. Let m(i) be the first derivative of i**4/4 + 2*i**3 + 3*i**2/2 - 6*i - 101. Calculate m(p).
4
Let g(f) be the first derivative of -2*f**3/3 - 21*f**2/2 + 2*f + 1608. Determine g(-11).
-9
Let n(r) be the first derivative of -r**2 - 2*r + 2. Let v(t) be the second derivative of -t**3/6 + 9*t**2 - 15*t. Let u be v(16). Calculate n(u).
-6
Let h(s) = 1. Let v(o) = 4*o - 4. Let m = 21 + -20. Let j(y) = m*v(y) + 4*h(y). Let u = -8 + 7. Determine j(u).
-4
Suppose -2*f + 10 = r, -f + 2*r = -2*f - 1. Let h(p) = 77*p + 28. Let m(k) = 16*k + 5. Let g(z) = h(z) - 5*m(z). Calculate g(f).
-18
Let a = -1572 - -1574. Let p(d) = 4*d**2 - 5*d - 4. Calculate p(a).
2
Suppose 5*y + 1 = 4*z + 240, 138 = 3*y + 3*z. Let n = -43 + y. Let k(d) be the third derivative of d**4/24 + 3*d**2. Determine k(n).
4
Let y(n) = n - 3. Suppose 3*d + 4*w - 764 = 0, 0 = -d - 3*w - 0*w + 258. Suppose -6*l - 276 = -d. Calculate y(l).
-7
Suppose 13*k = 5*k - 40. Let z(w) be the first derivative of w**3/3 + 5*w**2/2 - 2*w + 16. What is z(k)?
-2
Let h(f) be the first derivative of -f**4/2 + 14*f**3/3 + 13*f**2/2 + 22*f - 7056. What is h(8)?
-2
Let h = 932 + -581. Let i = h + -354. Let n(a) = -2*a**3 - a**2 - 2. Determine n(i).
43
Suppose 0 = -z + 4, 4*b = 3*b + z + 6. Suppose s = 6*s + j - 26, 2*s - 16 = j. Let t(r) = -5*r - b + s*r**2 - 5*r**2 - 6*r + 3*r. What is t(9)?
-1
Let t(c) = c + 3. Let l(k) be the first derivative of -k**4/4 + 4*k**3/3 + k**2 - k + 6. Let w be l(4). Determine t(w).
10
Let v(p) = p - 8. Let a(b) = 266*b + 4. Let k be a(1). Suppose -74*d - k = -79*d. Let x = -54 + d. Determine v(x).
-8
Let i(l) = -3*l + 8. Suppose 3*t + c - 24 = 0, 0 = -106*t + 104*t + 2*c + 16. Give i(t).
-16
Let z = -56 + 108. Suppose 137*k + z = 150*k. Let y(a) = -a**3 + 5*a**2 - 6*a + 2. Give y(k).
-6
Let w(j) be the first derivative of 6*j**2 - 47*j + 4783. Determine w(4).
1
Let j(m) = 50*m + 8. Let v(x) = 27*x + 4. Let q(n) = -6*j(n) + 11*v(n). Suppose -3*o = 2*o + 15. Let d(w) = -2*w - 3. Let p(k) = o*q(k) + 4*d(k). Give p(5).
5
Suppose -3*t + 0 = -3*s - 3, 0 = t - 3. Let b(r) = s - 50*r**2 + 49*r**2 - 4. Suppose 4*d - 8 = u + 2*d, d = -5*u + 4. Calculate b(u).
-2
Let c = 120 + -113. Let j(f) = f**3 + f**2 - 1 + 6*f**2 + 13*f**2 - 26*f**2 - 8*f. Determine j(c).
-8
Let h = 5480 + -2250. Let q(v) = h - 2*v**2 + v**2 - 3228. Determine q(-2).
-2
Let q(h) = -3*h**3 + 3*h**2 + 4*h - 10. Suppose -11*x + 9 = -10 - 3. Determine q(x).
-14
Let n(p) = 2*p**3 + 2*p**2 - 1. Suppose q - 9 = 4*t, -3*q = 2*t + t + 18. Let v(r) = 9*r + 26. Let x be v(t). Give n(x).
-1
Let a(m) = -2*m**2 + 3*m + 1. Let x(u) = -3*u**2 + 4*u + 1. Let t(g) = 4*a(g) - 3*x(g). Let r be -36*4/(-90) + 7/5. Calculate t(r).
10
Let t(u) = u + 21. Let d(s) = 6*s + 59. Let m(f) = 13*f + 117. Let z(b) = -7*d(b) + 3*m(b). Let h(n) = 11*t(n) + 4*z(n). Suppose 64 - 64 = -23*j. Give h(j).
-17
Let y be ((-16)/39 + 39/507)*12. Let s(i) = -i**3 - 4*i**2 - 4*i - 4. What is s(y)?
12
Let k(o) = o**3 - 4*o**2 - 4*o. Let u be 157/8 - (-9)/24. Suppose u*g - 93 = 7. Determine k(g).
5
Suppose 163 = 42*f - 47 - 126. Let v(i) = 7*i - 59. What is v(f)?
-3
Let q(x) = -11*x**3 - 75*x**2 + 9. Let m(u) = 31*u**3 + 207*u**2 - u - 25. Let w(n) = 3*m(n) + 8*q(n). Calculate w(-4).
25
Let d(c) = 7*c**3 - c**2 - c - 6. Let r(k) = -k**3 + 1. Let l be 6/(-3) - -5 - 18/(-6). Let t(n) = l*r(n) + d(n). Let i = 46 + -44. Determine t(i).
2
Suppose 177*w - 1688 = 967. Let s(l) = l**2 - 14*l + 38. Give s(w).
53
Let u(n) = n**2 + n. Let p(s) = -174*s - 9562. Let g be p(-55). Determine u(g).
72
Let d(k) = -29*k - 133. Let u = 13411 - 13415. What is d(u)?
-17
Let h(d) = d - 2. Let r(t) = t - 2. Let x(u) = -4*h(u) + 3*r(u). Suppose -6*o = -993 + 5373. Let b = 726 + o. Give x(b).
6
Let l(b) = b**3 + 4*b**2 + 3*b - 3. Let y = 141 + -138. Suppose -6*v + 2*v + 4*g + 28 = 0, -3*v - 2*g = -46. Suppose y*i = 7*i + v. Calculate l(i).
-3
Let j(r) = -945 - 935 + 2847 + 4*r - 949. Calculate j(-7).
-10
Let q(u) = -7*u + 1. Let k(l) = 13*l - 3. Let d = -195 - -190. Let a(w) = d*q(w) - 3*k(w). Calculate a(7).
-24
Let q(o) = -5*o**3 - 9*o**2 + o - 10. Let c(v) = v**2 + v + 1. Let h(k) = -5*c(k) - q(k). Calculate h(2).
49
Let d(v) = 4*v + 1. Let i be -35*(2 + (-4 - -1)). Let p be (-14)/i - (-17)/5. Suppose -5*b - p*w + w = 12, -5*w = -3*b - 32. Give d(b).
-15
Suppose 5*n = 5*c + n + 44, c + 5 = -3*n. Let q(m) = -2*m**2 - 18*m - 12. Give q(c).
4
Suppose -279*y - 68*y + 67*y + 5880 = 0. Let q(k) = 8*k - 59. Give q(y).
109
Let g(j) = 2*j**2 + 23*j + 2. Let i(p) = p**2 + 12*p. Let w(a) = -5*g(a) + 9*i(a). Calculate w(-3).
2
Let f(z) = 11 - 3*z + 19 + 10 - 44. Calculate f(1).
-7
Let y(v) be the first derivative of -31*v**2 + v - 631. Give y(-1).
63
Let k(u) = 3*u**2 - 17*u - 7. Let v(j) = j**2 - 8*j - 4. Let b(d) = 4*d - 10. Let p be b(6). Let l be -17 + p - 2/1. Let q(s) = l*v(s) + 2*k(s). Give q(-6).
6
Suppose -83 = -7*f - 6. Let n(d) = 8*d + 2*d - f*d + 3. Give n(5).
-2
Let g(m) = -21*m + 8. Let b(y) be the third derivative of -13*y**4/8 + 5*y**3/2 + 45*y**2 + y. Let o(d) = 6*b(d) - 11*g(d). Determine o(-4).
14
Suppose u - 5*w - 14 = -3*w, -2*w + 56 = 4*u. Let i be (-460)/(-184)*(-1 + u/(-10)). Let a(b) = 2*b + 6. What is a(i)?
-6
Let y be -10 - 2 - (-75)/(-45)*(5 - 8). Suppose 3 + 3 = 2*t. Let h(v) = 3 + 3 - 6*v - 6*v**2 - 2*v**2 - 2 - v**t. Give h(y).
-3
Let d(z) be the second derivative of -z**5/120 + z**4/6 + 88*z**3/3 - 7*z - 3. Let n(x) be the second derivative of d(x). Give n(2).
2
Suppose 3*u - 4*u + 4 = 0, 3*k + 2 = 2*u. Suppose -d = k*d - 6. Let l(w) be the first derivative of -2*w**3/3 + 2*w**2 - 3*w + 1782. What is l(d)?
-3
Let t = -388 - -663. Let x = 276 - t. Let b(p) = -14*p**3 + p**2 - 1. Determine b(x).
-14
Suppose -28*c = -9*b - 23*c + 72, 0 = -4*b + 2*c + 30. Let r(y) = 2 + 4*y - 3*y + 1. Let w(p) = -p - 2. Let x(o) = 3*r(o) + 5*w(o). What is x(b)?
-7
Let t be (1 - (-5)/2) + (-2)/4. Let g be (2/t*3)/((-32)/(-48)). Let z = g - -1. Let a(s) = s**3 - 3*s**2 - 2*s + 2. What is a(z)?
10
Let j(n) = n + 5. Let l(o) = -o. Let s be l(-4). Suppose 4*a + 4*k = -a + 40, -s*a + 23 = 5*k. Suppose -a = 7*u + 16. What is j(u)?
1
Suppose -2*c = -0*c + 4. Let s = c - 4. Let q(k) = -457*k - 7. Let l(g) = -366*g - 7. Let w(n) = 5*l(n) - 4*q(n). Calculate w(s).
5
Let u(j) = -j**2 - j + 2. Let r(x) = -10*x**2 - 3*x + 1. Let t(z) = 21*z**2 + 7*z - 2. Let l(d) = 9*r(d) + 4*t(d). Let c(a) = -l(a) + 2*u(a). What is c(2)?
13
Suppose 5*h = 0, m - 50*h = -53*h + 2. Let l(w) be the first derivative of -1/2*w**m - 10 - 2*w. What is l(-6)?
4
Let x(p) = 58*p - 3710. Let v be x(64). Let o(w) = 8*w**3 - 2*w. Determine o(v).
60
Let y = 4966 + -4989. Let q(w) = -6*w - 140. Determine q(y).
-2
Suppose l